
2, 12959
List the prime factors of 708252.
2, 3, 59021
List the prime factors of 13805046.
2, 3, 255649
What are the prime factors of 166437?
3, 18493
List the prime factors of 559216.
2, 7, 4993
What are the prime factors of 302313?
3, 11, 9161
List the prime factors of 6080636.
2, 1520159
What are the prime factors of 1418735?
5, 17, 16691
What are the prime factors of 117426?
2, 3, 19571
List the prime factors of 385718.
2, 192859
What are the prime factors of 15802089?
3, 5267363
What are the prime factors of 486213?
3, 7, 13, 137
List the prime factors of 4498919.
4498919
List the prime factors of 8538116.
2, 2134529
List the prime factors of 142892.
2, 139, 257
What are the prime factors of 4415?
5, 883
List the prime factors of 116387.
116387
What are the prime factors of 8512209?
3, 19, 5531
List the prime factors of 15434053.
67, 223, 1033
What are the prime factors of 472372?
2, 118093
What are the prime factors of 1213821?
3, 7, 19267
What are the prime factors of 4629107?
7, 37, 61, 293
What are the prime factors of 1795968?
2, 3, 1559
What are the prime factors of 232267?
7, 33181
List the prime factors of 1977159.
3, 19, 34687
What are the prime factors of 38866?
2, 19433
List the prime factors of 1815.
3, 5, 11
What are the prime factors of 1006370?
2, 5, 157, 641
List the prime factors of 7244699.
7, 11, 13441
List the prime factors of 483423.
3, 161141
List the prime factors of 176925.
3, 5, 7, 337
What are the prime factors of 2602841?
23, 113167
List the prime factors of 217720.
2, 5, 5443
List the prime factors of 1077600.
2, 3, 5, 449
List the prime factors of 597116.
2, 13, 11483
What are the prime factors of 2938403?
13, 17387
List the prime factors of 160479.
3, 11, 1621
What are the prime factors of 274789?
109, 2521
List the prime factors of 3415742.
2, 11, 17, 9133
What are the prime factors of 700531?
13, 53887
What are the prime factors of 653370?
2, 3, 5, 29, 751
What are the prime factors of 986320?
2, 5, 12329
List the prime factors of 18706450.
2, 5, 7, 19, 29, 97
List the prime factors of 9236141.
9236141
What are the prime factors of 132259?
19, 6961
What are the prime factors of 16824362?
2, 23, 365747
What are the prime factors of 132550?
2, 5, 11, 241
List the prime factors of 5944552.
2, 743069
What are the prime factors of 6063789?
3, 23, 87881
What are the prime factors of 235461?
3, 78487
What are the prime factors of 673758?
2, 3, 4159
List the prime factors of 46769.
46769
What are the prime factors of 8681995?
5, 7, 248057
List the prime factors of 5279530.
2, 5, 19, 37, 751
What are the prime factors of 1128478?
2, 13, 43403
List the prime factors of 4197521.
17, 246913
List the prime factors of 49737.
3, 59, 281
What are the prime factors of 28571878?
2, 983, 14533
List the prime factors of 31750992.
2, 3, 7, 13, 2423
What are the prime factors of 9403800?
2, 3, 5, 7, 2239
List the prime factors of 7449177.
3, 2483059
List the prime factors of 15443081.
15443081
What are the prime factors of 5245717?
47, 111611
List the prime factors of 805800.
2, 3, 5, 17, 79
What are the prime factors of 119291?
119291
What are the prime factors of 268645?
5, 13, 4133
What are the prime factors of 5489515?
5, 1097903
What are the prime factors of 2187396?
2, 3, 60761
What are the prime factors of 9396565?
5, 31, 60623
List the prime factors of 2639443.
593, 4451
What are the prime factors of 10338499?
17, 608147
What are the prime factors of 130957?
130957
What are the prime factors of 219271?
13, 101, 167
List the prime factors of 12560194.
2, 1019, 6163
What are the prime factors of 926932?
2, 97, 2389
What are the prime factors of 4207702?
2, 19, 110729
List the prime factors of 12238167.
3, 461, 8849
List the prime factors of 20435288.
2, 107, 23873
List the prime factors of 384179.
157, 2447
List the prime factors of 4202641.
4202641
What are the prime factors of 1018240?
2, 5, 37, 43
List the prime factors of 716481.
3, 79609
What are the prime factors of 1432956?
2, 3, 7, 2437
What are the prime factors of 672923?
19, 107, 331
List the prime factors of 2809460.
2, 5, 140473
List the prime factors of 1205322.
2, 3, 19, 97, 109
List the prime factors of 149430.
2, 3, 5, 17, 293
What are the prime factors of 7024876?
2, 17, 103307
What are the prime factors of 245512?
2, 30689
List the prime factors of 1296898.
2, 648449
List the prime factors of 435575.
5, 7, 19, 131
List the prime factors of 137783.
211, 653
What are the prime factors of 910754?
2, 13, 23, 1523
List the prime factors of 1114122.
2, 3, 19, 29, 337
List the prime factors of 2151259.
11, 23, 773
What are the prime factors of 220640?
2, 5, 7, 197
List the prime factors of 7535760.
2, 3, 5, 17, 1847
List the prime factors of 151888.
2, 11, 863
List the prime factors of 1113634.
2, 556817
What are the prime factors of 304575?
3, 5, 31, 131
What are the prime factors of 1517685?
3, 5, 13, 43, 181
What are the prime factors of 1361845?
5, 272369
What are the prime factors of 429670?
2, 5, 42967
What are the prime factors of 2550175?
5, 83, 1229
What are the prime factors of 512421?
3, 7, 13, 1877
List the prime factors of 8964826.
2, 13, 344801
List the prime factors of 336146.
2, 131, 1283
List the prime factors of 5963423.
5963423
List the prime factors of 183172.
2, 11, 23, 181
What are the prime factors of 1161662?
2, 191, 3041
What are the prime factors of 468936?
2, 3, 13, 167
List the prime factors of 1896594.
2, 3, 7, 6451
What are the prime factors of 1298553?
3, 53, 8167
List the prime factors of 37881.
3, 23, 61
List the prime factors of 205828.
2, 7, 7351
List the prime factors of 562294.
2, 263, 1069
List the prime factors of 9379.
83, 113
What are the prime factors of 11334623?
31, 127, 2879
What are the prime factors of 12054139?
17, 23, 30829
What are the prime factors of 529855?
5, 105971
What are the prime factors of 9777038?
2, 4888519
List the prime factors of 18751356.
2, 3, 13, 103, 389
List the prime factors of 3524259.
3, 107, 10979
What are the prime factors of 7026850?
2, 5, 313, 449
List the prime factors of 416086.
2, 11, 18913
What are the prime factors of 3515383?
3515383
What are the prime factors of 85170?
2, 3, 5, 17, 167
What are the prime factors of 352838?
2, 176419
List the prime factors of 2909717.
19, 37, 4139
What are the prime factors of 906298?
2, 263, 1723
List the prime factors of 276349.
103, 2683
What are the prime factors of 129859?
31, 59, 71
List the prime factors of 856213.
856213
List the prime factors of 12828943.
12828943
List the prime factors of 935595.
3, 5, 17, 1223
List the prime factors of 4678760.
2, 5, 116969
List the prime factors of 164926.
2, 82463
List the prime factors of 3781930.
2, 5, 378193
List the prime factors of 188019.
3, 13, 1607
What are the prime factors of 1122335?
5, 224467
What are the prime factors of 19824522?
2, 3, 3304087
List the prime factors of 8953478.
2, 67, 109, 613
List the prime factors of 16869817.
37, 455941
List the prime factors of 105024.
2, 3, 547
List the prime factors of 452093.
47, 9619
What are the prime factors of 258277?
258277
What are the prime factors of 694724?
2, 29, 53, 113
What are the prime factors of 652424?
2, 81553
List the prime factors of 1215769.
1215769
List the prime factors of 150309.
3, 19, 293
What are the prime factors of 254668?
2, 63667
What are the prime factors of 24974179?
71, 351749
What are the prime factors of 13520862?
2, 3, 389, 1931
What are the prime factors of 633019?
199, 3181
List the prime factors of 3958017.
3, 7, 41, 4597
What are the prime factors of 336847?
7, 48121
What are the prime factors of 185586?
2, 3, 30931
What are the prime factors of 599328?
2, 3, 2081
List the prime factors of 2562844.
2, 23, 89, 313
What are the prime factors of 187031?
13, 14387
What are the prime factors of 18020084?
2, 71, 107, 593
List the prime factors of 59966.
2, 29983
What are the prime factors of 4516599?
3, 797, 1889
What are the prime factors of 551597?
551597
List the prime factors of 471908.
2, 117977
What are the prime factors of 12366?
2, 3, 229
List the prime factors of 225988.
2, 7, 1153
List the prime factors of 11191263.
3, 191, 19531
List the prime factors of 1557651.
3, 519217
What are the prime fact